{"id":69,"date":"2022-04-05T08:17:58","date_gmt":"2022-04-05T08:17:58","guid":{"rendered":"https:\/\/www.seinajarvi.fi\/?page_id=69"},"modified":"2025-03-18T13:43:35","modified_gmt":"2025-03-18T13:43:35","slug":"yhdistys","status":"publish","type":"page","link":"https:\/\/www.seinajarvi.fi\/index.php\/yhdistys\/","title":{"rendered":"Sein\u00e4j\u00e4rvi 2021 &#8211; 2022"},"content":{"rendered":"\n<figure class=\"wp-block-image aligncenter size-full is-resized\"><img loading=\"lazy\" decoding=\"async\" width=\"662\" height=\"714\" src=\"https:\/\/www.seinajarvi.fi\/wp-content\/uploads\/2022\/02\/SEKYLOGO-1.jpg\" alt=\"\" class=\"wp-image-29\" style=\"width:221px;height:238px\" srcset=\"https:\/\/www.seinajarvi.fi\/wp-content\/uploads\/2022\/02\/SEKYLOGO-1.jpg 662w, https:\/\/www.seinajarvi.fi\/wp-content\/uploads\/2022\/02\/SEKYLOGO-1-278x300.jpg 278w\" sizes=\"auto, (max-width: 662px) 100vw, 662px\" \/><\/figure>\n\n\n\n<h2 class=\"wp-block-heading has-text-align-center\">Sein\u00e4j\u00e4rven vuosi 2021<\/h2>\n\n\n\n<p>Tulossa vuoden <strong>2024<\/strong> toimintakertomus&#8230;  <\/p>\n\n\n\n<p>Tietoja asukkaista, talouksista, kes\u00e4asunnoista <a href=\"https:\/\/drive.google.com\/drive\/folders\/1R8JZzk4zf-_NW9Vd0V47KgPRtA_86nyk?usp=sharing\" data-type=\"link\" data-id=\"https:\/\/drive.google.com\/drive\/folders\/1R8JZzk4zf-_NW9Vd0V47KgPRtA_86nyk?usp=sharing\">tilastokeskuksen<\/a> mukaan vuodelta 2023 <a href=\"https:\/\/pxdata.stat.fi\/PXWeb\/pxweb\/fi\/Postinumeroalueittainen_avoin_tieto\">https:\/\/pxdata.stat.fi\/PXWeb\/pxweb\/fi\/Postinumeroalueittainen_avoin_tieto<\/a><\/p>\n\n\n\n<p><strong>Vuosi 2021<\/strong> oli kyl\u00e4yhdistyksen 42. vuosi.&nbsp;&nbsp; Sein\u00e4j\u00e4rven kyl\u00e4toimikunta on perustettu 4.5.1979.&nbsp; Asukkaita on 109 (108) ja talouksia 45 kpl (47).&nbsp; Vuoden aikana syntyi kolme lasta.&nbsp; Kes\u00e4- ja vapaa-ajan asukkaita on rekister\u00f6ity 130 kpl.<\/p>\n\n\n\n<p><strong>Kyl\u00e4n motto<\/strong>; toiminta-ajatus on kyl\u00e4yhteis\u00f6n aktiivisuuden ja yhteenkuuluvuuden lis\u00e4\u00e4minen, asuin- ja elinolosuhteiden ja toimeentulomahdollisuuksien parantaminen ja avoin ja luottamuksellinen vuorovaikutus ja yhteisty\u00f6 naapurikylien kanssa.<\/p>\n\n\n\n<p><strong>Kyl\u00e4n slogan<\/strong>; kyl\u00e4 keskeisell\u00e4 paikalla &#8211; yht\u00e4 kaukana kaikesta<\/p>\n\n\n\n<p>Toimintaa, tapahtumia ja tiedotusta; Toiminta on vuonna 2021 ollut edelleen perustoiminnan yll\u00e4pit\u00e4mist\u00e4.&nbsp; Koronatilanteesta johtuen yhteiset tilaisuudet j\u00e4iv\u00e4t v\u00e4hemm\u00e4lle \u2013 perinteinen Wanhojen Wehkeiden ajelu oli kuitenkin j\u00e4lleen juhannusaattona.<\/p>\n\n\n\n<p>Kyl\u00e4n yhdistykset ovat tiedottaneet asioistaan kes\u00e4tiedotteessa, joka on l\u00e4hetetty kaikille j\u00e4senille.&nbsp; Tapahtumista on ilmoitettu my\u00f6s Facebookissa, Lakeuden Portti -lehdess\u00e4 ja kyl\u00e4n kotisivulla.&nbsp; Uudet nettisivut ovat rakenteilla.<\/p>\n\n\n\n<p>Sein\u00e4j\u00e4rven Er\u00e4 ry:n 60 -vuotta juhlittiin 6.11.<\/p>\n\n\n\n<p>Kyl\u00e4talon seinustalta kaadettiin iso koivu.<\/p>\n\n\n\n<p><strong>Hallinto;<\/strong> puheenjohtajana on toiminut Satu Majamaa ja sihteerin\u00e4 Juho Soukkala.&nbsp; Muut j\u00e4senet Arvo Kujala, Veli Kujala, Veikko Kujala, Paula Kujala, Hanna Laitila, Vesa Laitila ja Sanni Majamaa.&nbsp; Kyl\u00e4talon edustajina Ismo Ilosalo tai Sari Pahkasalo. &nbsp;Johtokuntaan kuuluu lis\u00e4ksi Susannan Laitila.<\/p>\n\n\n\n<p>Kyl\u00e4yhdistys toimii kyl\u00e4n yhdistysten, yritysten ja asukkaiden yhteisty\u00f6elimen\u00e4 ja toiminnan koordinoijana valitsemalla johtokuntaan edustajia mahdollisuuksien mukaan kaikista asukasryhmist\u00e4 ja toimijoista.&nbsp;<\/p>\n\n\n\n<p><strong>Toimintaa kyl\u00e4talolla;<\/strong> kyl\u00e4talon s\u00e4\u00e4nn\u00f6llisi\u00e4 k\u00e4ytt\u00e4ji\u00e4 ovat Alavuden seurakunnan perhekerho ja p\u00e4iv\u00e4piiri, kansalaisopiston piirit mm. Sein\u00e4j\u00e4rven kuoro ja eri yhdistykset kokousten pitopaikkana.&nbsp; Talolla on valokuituverkkoyhteys sek\u00e4 sis\u00e4verkko, av-laitteet mm. videotykki, \u00e4\u00e4nentoistolaitteet.<\/p>\n\n\n\n<h2 class=\"wp-block-heading has-text-align-center\">Sein\u00e4j\u00e4rven vuosi 2022 &#8211;<\/h2>\n\n\n\n<p><strong>Wanajat Wehkehet<\/strong> tuuletetaan j\u00e4lleen Juhannusaattona, seuraa ilmoittelua.<\/p>\n\n\n\n<p><strong>Kyl\u00e4suunnitelma;<\/strong> kyl\u00e4suunnitelmaan 2007 &#8211; 2013 on kirjattu suunnittelun p\u00e4\u00e4teemoiksi YMP\u00c4RIST\u00d6, ENERGIATALOUS, YHTEISTY\u00d6 ja OSAAMINEN.&nbsp; Kyl\u00e4suunnitelma on jaettu kes\u00e4tiedotteen 2008 mukana jokaiseen talouteen ja vapaa-ajan asukkaille.&nbsp; Suunniteltuja asioita ei saatu toteutettua 2013 p\u00e4\u00e4ttyv\u00e4ll\u00e4 ohjelmakaudella.&nbsp; Suunnitelmaa ei ole p\u00e4ivitetty.&nbsp; <\/p>\n\n\n\n<p>Aikaisempiin kyl\u00e4suunnitelmiin voi tutustua <a href=\"https:\/\/drive.google.com\/drive\/folders\/1LFQ6vtfXSbDRtRKj-hq9wpKuaHxw-WEF?usp=sharing\" data-type=\"URL\" data-id=\"https:\/\/drive.google.com\/drive\/folders\/1LFQ6vtfXSbDRtRKj-hq9wpKuaHxw-WEF?usp=sharing\">t\u00e4\u00e4ll\u00e4<\/a>.  Ne sis\u00e4lt\u00e4v\u00e4t mielenkiintoista kyl\u00e4n nykyhistoriaa ja monia satoja talkootunteja sis\u00e4ltyneit\u00e4 hankkeita.<\/p>\n\n\n\n<p>Kev\u00e4\u00e4ll\u00e4 2022 on tehty kyl\u00e4kysely.  7.4. menness\u00e4 saatuihin vastauksiin voi tutustua <a href=\"https:\/\/www.seinajarvi.fi\/index.php\/kylakysely\/\" data-type=\"URL\" data-id=\"https:\/\/www.seinajarvi.fi\/index.php\/kylakysely\/\">t\u00e4\u00e4ll\u00e4<\/a>.  Koulun s\u00e4ilyminen ja Sulkavankyl\u00e4n tien kunto nousivat p\u00e4\u00e4llimm\u00e4isin\u00e4.   <a href=\"https:\/\/www.kylamme.fi\/\" data-type=\"URL\" data-id=\"https:\/\/www.kylamme.fi\/\">Kyl\u00e4mme.fi<\/a> on avattu s\u00e4hk\u00f6inen kyl\u00e4suunnitelma-alusta, johon on valmiiksi otsikoitu kyl\u00e4suunnitelman aiheet ja ty\u00f6kalupakki, jotka ovat apuna suunnitelmaa laadittaessa.<\/p>\n\n\n\n<p><strong>Kyl\u00e4talo<\/strong> on Alavuden kaupungin omistuksessa mutta yll\u00e4pitovastuu on kyl\u00e4yhdistyksell\u00e4.  Kyl\u00e4kyselyss\u00e4 ehdotettiin erilaisten harrastusv\u00e4lineiden hankkimista sek\u00e4 mm. syd\u00e4niskurin hankkimista.  Vuosikokouksessa keskusteltiin l\u00e4mp\u00f6pumpun hankkimisesta mutta asia j\u00e4tettiin viel\u00e4 harkittavaksi.  Samoin keskusteltiin anggregaatin hankkimisesta mahdollisen pitk\u00e4n s\u00e4hk\u00f6katkon varalta.  Tuleviin kiinteist\u00f6n korjauksiin on kuitenkin varauduttava &#8211; my\u00f6s hankkeisiin osallistuminen vaatii aina tietyn omarahoitusosuuden &#8211; niit\u00e4 varten vuosikokous p\u00e4\u00e4tti ker\u00e4t\u00e4 ylim\u00e4\u00e4r\u00e4ist\u00e4 &#8221;vastiketta&#8221;.  Vuosikokouksessa p\u00e4\u00e4tettiin j\u00e4senmaksun lis\u00e4ksi vapaaehtoista vastiketta oman valinnan mukaan 20 &#8211; 50 \u20ac.  <\/p>\n\n\n\n<p>Kyl\u00e4talo on viihtyis\u00e4 paikka erilaisiin tilanteisiin, tilaisuuksiin, erilaisten kerhojen tms. pit\u00e4miseen.  Talolle voi tulla vaikka vain viett\u00e4m\u00e4\u00e4n aikaa lasten kanssa, puuhailemaan, askartelemaan &#8211; avains\u00e4ili\u00f6n koodin saa kysym\u00e4ll\u00e4.   Varaus kyl\u00e4talolle tulee tehd\u00e4 www.p\u00e4ivyri.fi sek\u00e4 kyl\u00e4talon ilmoitustaulun kalenteriin (my\u00f6s varaajan nimi).  Kyl\u00e4talon ruoka- ja kahvikalusto, tuolit, p\u00f6yd\u00e4t ym. ovat my\u00f6s vuokrattavissa.  Hinnaston l\u00f6yd\u00e4t <a href=\"https:\/\/www.seinajarvi.fi\/index.php\/hinnasto\/\" data-type=\"URL\" data-id=\"https:\/\/www.seinajarvi.fi\/index.php\/hinnasto\/\">t\u00e4\u00e4lt\u00e4<\/a>.<\/p>\n\n\n\n<p><strong>Kyl\u00e4talon tontti<\/strong> on pusikoitunut, raivausk\u00f6kk\u00e4 j\u00e4i pit\u00e4m\u00e4tt\u00e4 viime vuonna &#8211; pidet\u00e4\u00e4n kev\u00e4\u00e4n aikana.  My\u00f6s <strong>latupohjaa<\/strong> on tarkoitus raivata ainakin Huusankosken kotaan sivuavalta osuudelta, Kuudent\u00e4hden reitist\u00f6n alkuper\u00e4iset <a href=\"https:\/\/drive.google.com\/file\/d\/1YiCBUKkj6cO9uKc6x-opdtZNism9Y5kh\/view?usp=sharing\" data-type=\"URL\" data-id=\"https:\/\/drive.google.com\/file\/d\/1YiCBUKkj6cO9uKc6x-opdtZNism9Y5kh\/view?usp=sharing\">reitit<\/a>.  K\u00f6kk\u00e4p\u00e4ivist\u00e4 ei viel\u00e4 p\u00e4\u00e4tetty, seuraa ilmoittelua.<\/p>\n\n\n\n<p><strong>Johtokunnan<\/strong> puheenjohtajaksi valittiin Satu Majamaa, muut j\u00e4senet Veli Kujala, Juho Soukkala, Vesa Laitila, Ismo Ilosalo\/Sari Pahkasalo, Susanna Laitila, Hanna Laitila, Arvo Kujala, Veikko Kujala ja Paula Kujala.&nbsp;<\/p>\n\n\n\n<p>Juho Soukkala j\u00e4tt\u00e4\u00e4 sihteerin teht\u00e4v\u00e4t.&nbsp; Sihteerin teht\u00e4v\u00e4t jaetaan johtokunnan j\u00e4senten kesken.  Juho jatkaa kirjanpit\u00e4j\u00e4n\u00e4\/rahastonhoitajana.<\/p>\n\n\n\n<p><a href=\"https:\/\/drive.google.com\/drive\/folders\/1RmVEBfZy5eGo7076wc5KmE5N7ShFjYlH?usp=share_link\" data-type=\"URL\" data-id=\"https:\/\/drive.google.com\/drive\/folders\/1RmVEBfZy5eGo7076wc5KmE5N7ShFjYlH?usp=share_link\">Tilastotietoa<\/a> asukasrakenteesta 2010 &#8211; 2021 <\/p>\n\n\n\n<figure class=\"wp-block-image aligncenter size-large is-resized\"><img loading=\"lazy\" decoding=\"async\" width=\"1024\" height=\"718\" src=\"https:\/\/www.seinajarvi.fi\/wp-content\/uploads\/2022\/04\/jarvimaisema-1024x718.png\" alt=\"\" class=\"wp-image-127\" style=\"width:622px;height:436px\" srcset=\"https:\/\/www.seinajarvi.fi\/wp-content\/uploads\/2022\/04\/jarvimaisema-1024x718.png 1024w, https:\/\/www.seinajarvi.fi\/wp-content\/uploads\/2022\/04\/jarvimaisema-300x210.png 300w, https:\/\/www.seinajarvi.fi\/wp-content\/uploads\/2022\/04\/jarvimaisema-768x538.png 768w, https:\/\/www.seinajarvi.fi\/wp-content\/uploads\/2022\/04\/jarvimaisema.png 1280w\" sizes=\"auto, (max-width: 1024px) 100vw, 1024px\" \/><\/figure>\n","protected":false},"excerpt":{"rendered":"<p>Sein\u00e4j\u00e4rven vuosi 2021 Tulossa vuoden 2024 toimintakertomus&#8230; Tietoja asukkaista, talouksista, kes\u00e4asunnoista tilastokeskuksen mukaan vuodelta 2023 https:\/\/pxdata.stat.fi\/PXWeb\/pxweb\/fi\/Postinumeroalueittainen_avoin_tieto Vuosi 2021 oli kyl\u00e4yhdistyksen 42. vuosi.&nbsp;&nbsp; Sein\u00e4j\u00e4rven kyl\u00e4toimikunta on perustettu 4.5.1979.&nbsp; Asukkaita on 109 (108) ja talouksia 45 kpl (47).&nbsp; Vuoden aikana syntyi kolme lasta.&nbsp; Kes\u00e4- ja vapaa-ajan asukkaita on rekister\u00f6ity 130 kpl. Kyl\u00e4n motto; toiminta-ajatus on kyl\u00e4yhteis\u00f6n aktiivisuuden [&hellip;]<\/p>\n","protected":false},"author":1,"featured_media":0,"parent":0,"menu_order":0,"comment_status":"closed","ping_status":"closed","template":"","meta":{"site-sidebar-layout":"default","site-content-layout":"","ast-site-content-layout":"default","site-content-style":"default","site-sidebar-style":"default","ast-global-header-display":"","ast-banner-title-visibility":"","ast-main-header-display":"","ast-hfb-above-header-display":"","ast-hfb-below-header-display":"","ast-hfb-mobile-header-display":"","site-post-title":"","ast-breadcrumbs-content":"","ast-featured-img":"","footer-sml-layout":"","ast-disable-related-posts":"","theme-transparent-header-meta":"","adv-header-id-meta":"","stick-header-meta":"","header-above-stick-meta":"","header-main-stick-meta":"","header-below-stick-meta":"","astra-migrate-meta-layouts":"set","ast-page-background-enabled":"default","ast-page-background-meta":{"desktop":{"background-color":"var(--ast-global-color-4)","background-image":"","background-repeat":"repeat","background-position":"center center","background-size":"auto","background-attachment":"scroll","background-type":"","background-media":"","overlay-type":"","overlay-color":"","overlay-opacity":"","overlay-gradient":""},"tablet":{"background-color":"","background-image":"","background-repeat":"repeat","background-position":"center center","background-size":"auto","background-attachment":"scroll","background-type":"","background-media":"","overlay-type":"","overlay-color":"","overlay-opacity":"","overlay-gradient":""},"mobile":{"background-color":"","background-image":"","background-repeat":"repeat","background-position":"center center","background-size":"auto","background-attachment":"scroll","background-type":"","background-media":"","overlay-type":"","overlay-color":"","overlay-opacity":"","overlay-gradient":""}},"ast-content-background-meta":{"desktop":{"background-color":"var(--ast-global-color-5)","background-image":"","background-repeat":"repeat","background-position":"center center","background-size":"auto","background-attachment":"scroll","background-type":"","background-media":"","overlay-type":"","overlay-color":"","overlay-opacity":"","overlay-gradient":""},"tablet":{"background-color":"var(--ast-global-color-5)","background-image":"","background-repeat":"repeat","background-position":"center center","background-size":"auto","background-attachment":"scroll","background-type":"","background-media":"","overlay-type":"","overlay-color":"","overlay-opacity":"","overlay-gradient":""},"mobile":{"background-color":"var(--ast-global-color-5)","background-image":"","background-repeat":"repeat","background-position":"center center","background-size":"auto","background-attachment":"scroll","background-type":"","background-media":"","overlay-type":"","overlay-color":"","overlay-opacity":"","overlay-gradient":""}},"footnotes":""},"class_list":["post-69","page","type-page","status-publish","hentry"],"_links":{"self":[{"href":"https:\/\/www.seinajarvi.fi\/index.php\/wp-json\/wp\/v2\/pages\/69","targetHints":{"allow":["GET"]}}],"collection":[{"href":"https:\/\/www.seinajarvi.fi\/index.php\/wp-json\/wp\/v2\/pages"}],"about":[{"href":"https:\/\/www.seinajarvi.fi\/index.php\/wp-json\/wp\/v2\/types\/page"}],"author":[{"embeddable":true,"href":"https:\/\/www.seinajarvi.fi\/index.php\/wp-json\/wp\/v2\/users\/1"}],"replies":[{"embeddable":true,"href":"https:\/\/www.seinajarvi.fi\/index.php\/wp-json\/wp\/v2\/comments?post=69"}],"version-history":[{"count":10,"href":"https:\/\/www.seinajarvi.fi\/index.php\/wp-json\/wp\/v2\/pages\/69\/revisions"}],"predecessor-version":[{"id":789,"href":"https:\/\/www.seinajarvi.fi\/index.php\/wp-json\/wp\/v2\/pages\/69\/revisions\/789"}],"wp:attachment":[{"href":"https:\/\/www.seinajarvi.fi\/index.php\/wp-json\/wp\/v2\/media?parent=69"}],"curies":[{"name":"wp","href":"https:\/\/api.w.org\/{rel}","templated":true}]}}